t t be y(18). Let q be a(t). Calculate the greatest common divisor of q and 240.
48
Let r(p) = 20*p**3 - p**2 - 7*p + 8. Let x be r(1). Let k(a) = -2*a - 2. Let w be k(-11). Calculate the greatest common factor of w and x.
20
Let l be (4 - 1)/(0 - -1). Suppose -5*m + 0*m - 1 = f, 2*f + 2 = -l*m. Let i(o) = -6*o + 51. Let q be i(m). What is the highest common factor of q and 17?
17
Let p be -19 - (7 + -2) - 4. Let n be -3 + -2 + p/(-2). Suppose -3*b + 92 = 4*z, 200 = 5*b - z - 4*z. What is the greatest common factor of n and b?
9
Let g = -145 + 148. Suppose g*m = w + 1349, -4*w - 999 = -5*m + 1261. What is the greatest common divisor of m and 14?
14
Let z be 4550/(-140)*(-912)/20. What is the greatest common divisor of z and 4199?
247
Suppose -4*h - 34*h = -1630 - 22652. Calculate the greatest common factor of 45 and h.
9
Let h(u) = -u**3 - 6*u**2 - 6*u + 5. Let c be h(-5). Let a(k) = -k**3 - 43*k**2 - 340*k - 715. Let p be a(-5). Calculate the greatest common divisor of p and c.
5
Let n be (-28)/(-6)*(-126)/(-28). Let q be (n/(-4))/((-3)/16). Suppose k - q = d, -5*k + d + d = -146. Calculate the greatest common factor of k and 6.
6
Let g = -9259 + 9278. Calculate the greatest common factor of g and 21223.
19
Let h be (-1438)/12 + (-2)/12. Let w = h - -239. Suppose 17*u + 272 = 33*u. Calculate the highest common divisor of u and w.
17
Suppose 6718 = 15*q - 5702. Suppose 13*j = 17*j - q. Calculate the greatest common factor of j and 18.
9
Let c be (2 + 4 + -7 + 2)*2. Let q be c/(-7) + (-2790)/35. Let u be (-620)/q + 5/4. What is the highest common divisor of u and 27?
9
Let m be 1/(-4*2/(-944)). Suppose -5*z + 3*h = -m, z - 4*z = 3*h - 66. Let u be -4 + -3 - -3 - -27. Calculate the greatest common factor of z and u.
23
Let c be (-24)/60 - (-5508)/20. Calculate the highest common factor of 33 and c.
11
Suppose -l = l - 62. Let m = 45 - l. Let b = 110139 - 110097. Calculate the greatest common divisor of b and m.
14
Let w = 34 - 36. Let v be 0 + w/2*3. Let u be v/(-2)*(-224)/(-12). What is the greatest common factor of 70 and u?
14
Let s(d) = d**3 + 28*d**2 + 78*d + 79. Let j be s(-25). Suppose -4*q + 948 = 3*u, -4*u = j*q + q - 1263. What is the greatest common factor of 48 and u?
24
Suppose 3*i = -15, -43*y + 4*i = -44*y + 763. Calculate the highest common factor of y and 232.
29
Suppose 6*j - 3*j - 32 = -5*b, -40 = -4*j - 4*b. Suppose 2*w - 50 = 3*i + 196, 3*i = -5*w + 573. What is the greatest common divisor of j and w?
9
Suppose -111 - 99 = -3*z. Let u = -49 + 77. Let a be (-35)/u + 1/4 + 11. What is the greatest common divisor of z and a?
10
Suppose -2*c + 25579 = 5*a, 2*a + 47*c = 50*c + 10243. Calculate the greatest common factor of 238 and a.
119
Let w(i) = -i**3 - 9*i**2 + 9*i - 2. Let d be 54/(-5) + (-16)/(-20). Let h be w(d). Let f be 1 + 63 - 0/(-1). What is the greatest common factor of f and h?
8
Let p be 0 - (-6)/4*8. Suppose -2*n + 305 = -3*g + 277, 2*g = -3*n + 16. What is the greatest common factor of n and p?
4
Suppose -384 = -24*b - 40*b. Calculate the greatest common divisor of b and 5604.
6
Let t(x) = 11*x**2 - 837*x + 95. Let p be t(80). Calculate the greatest common factor of 7 and p.
7
Suppose 1600 = -l + 6*l. Suppose -5*c = -l - 85. Suppose 4*v = -n + 35, v + n = 3*n + 11. Calculate the highest common divisor of v and c.
9
Suppose 13*q + 2*q = -7*q + 88. Calculate the greatest common factor of q and 172.
4
Let u = 153 - 54. Suppose -41*l - 37*l + 89*l = 605. Calculate the greatest common divisor of l and u.
11
Let d = -24724 - -41895. What is the greatest common divisor of d and 11?
11
Let m = 11 - -4. Suppose d = -3*w + 89, 4*d + 3*w - 1679 + 1305 = 0. Calculate the greatest common factor of d and m.
5
Let y(d) = -3*d**2 - 8*d - 5. Let z be y(-1). Suppose 55*v - 2136 - 56989 = z. Calculate the greatest common divisor of v and 25.
25
Let f be (-1 + (-21)/(-6))*(-108)/(-45) - -50. Calculate the greatest common divisor of f and 1246.
14
Let g(l) = 3*l**3 + 2*l**2 + 7. Let k be g(-4). Let v = -152 - k. What is the greatest common factor of v and 32?
1
Let b = -30 - -120. Let l(i) = i**2 + i - 2. Let u be l(-4). Suppose -2*m = -30 + u. What is the greatest common factor of m and b?
10
Let d(k) = -k**2 + 5 + 0*k**2 + 22*k - k**2 + k**2. Suppose -148*b = -174*b + 572. Let l be d(b). Calculate the highest common divisor of 4 and l.
1
Suppose -207408 = -173*b + 70*b - 46*b. Calculate the greatest common factor of b and 20.
4
Let y be (-12)/(-7) + (0 - 4/(-14)). Suppose 3*a + y*h - 79 = 38, -a + 26 = 5*h. Suppose -20 = a*o - 43*o. What is the highest common divisor of 10 and o?
10
Let a(n) = 5*n + 189. Let f be a(-36). Let x be (2 + -1)*(7 + -24). Let v = f - x. What is the highest common factor of v and 78?
26
Suppose 2940 = 2*v - 4*k, -4*k + 154 - 130 = 0. What is the highest common divisor of v and 52?
26
Let g = -45 - -36. Let o = 71 + g. Let f(j) = 7*j + 302. Let y be f(-21). What is the greatest common divisor of o and y?
31
Suppose 0 = -z + 15. Suppose 309*v = 308*v + 40. Let x be (-15)/v*-4*(-270)/(-3). Calculate the greatest common divisor of x and z.
15
Suppose -65*k = -62*k - 9. Suppose -396 - 772 = -k*f + 4*u, f + 5*u - 421 = 0. Calculate the greatest common divisor of f and 44.
44
Let w be (-26)/(-2 + (-1 - -2)). Suppose -4*x + 73 = 4*o + 29, 61 = 6*o + 5*x. What is the greatest common divisor of o and w?
2
Suppose -3*l + 2 = g, 2*g + 2*g - 8 = -3*l. Let t be 6 - 4/g - -14. Let d be (34/(-85))/((-2)/90). Calculate the greatest common factor of d and t.
18
Suppose -44*k + 19657 = -12997 - 7738. Calculate the greatest common divisor of 396 and k.
18
Suppose 67*p - 36*p = 56*p - 200. Suppose -4*g - 32 = -5*z + z, -3*g = -5*z + 40. What is the highest common factor of p and z?
8
Suppose 3*m - 21 = -3*f, -f + 0*f - 8 = -2*m. Suppose 18 = -4*b - f*b. Let y be 21 - 3 - (5 + b). What is the highest common divisor of y and 40?
8
Suppose 3*u = -2*j + 5*u + 80, 2*u = 5*j - 188. Let f be 4*3 + 3 + -7. Calculate the highest common factor of j and f.
4
Suppose 6*k - 1 = 59. Suppose -6*a - k = -16*a. Let u be (0 - 8/4) + 6*a. What is the highest common divisor of u and 6?
2
Let n(o) = 5*o**2 - 54*o - 392. Let d be n(-10). What is the highest common divisor of d and 81?
81
Let h(a) = a**3 + 22*a**2 - 46*a + 36. Let y be h(-24). Let u be 39/(6 + y + 7). Calculate the highest common divisor of 52 and u.
13
Suppose 383*r - 4487556 + 1100304 = 0. What is the highest common factor of r and 1005?
201
Suppose 25 - 73 = -8*v. Suppose v*k - 160 = k. What is the greatest common divisor of 24 and k?
8
Suppose 0 = 471*y - 587*y + 135024. Calculate the highest common divisor of y and 216.
12
Suppose -22 = q - 18, -4*q = -5*w + 316. Let u = -91 - -166. Calculate the greatest common factor of u and w.
15
Let a = -5655 - -6357. Suppose f - 2*f + 26 = 0. Calculate the highest common divisor of f and a.
26
Let z be ((-34)/(-5) - 7) + 16/5. Suppose 3*q - 277 = -5*w, w + w + z*q = 109. Calculate the greatest common factor of 84 and w.
28
Suppose -443*f = -441*f + 2*z - 478, 2*z = 3*f - 737. Calculate the greatest common factor of f and 40581.
243
Suppose 19 = 3*b + 4*n, 3*b - 3*n = b + 7. Let a(k) = 0 - b - 1 + 4*k + 2. Let h be a(2). What is the highest common factor of 44 and h?
4
Let z(b) = 41*b + 22. Let s(v) = -124*v - 66. Let i(k) = 6*s(k) + 17*z(k). Let o be i(-2). Calculate the greatest common divisor of o and 48.
24
Suppose -h = -2*w + 5 - 4, -w + 4*h + 11 = 0. Let i(c) = 6*c**2 + 3*c + 3. Let s be i(w). Let l = 9 - 3. Calculate the greatest common divisor of l and s.
6
Suppose -91*t - 47574 = -126*t + 159556. What is the highest common divisor of t and 22?
22
Let j(t) = 929*t - 614. Let z be j(1). Calculate the greatest common divisor of z and 360.
45
Let d be -2 - (-21)/12 - 316/16. Let g be d/50*(-45)/6. Suppose 3*n + 24 = 2*x, 0*n = -5*x - 4*n + 60. What is the highest common divisor of x and g?
3
Let q be -104 + (30/(-5) - -2). Let f = 124 + q. Calculate the highest common divisor of f and 144.
16
Suppose 4 = -2*s + 6, -2*d = s - 181. Let g(p) = -p**2 - 8*p + 27. Let w be g(-10). Suppose -w*u = -198 + 58. Calculate the greatest common factor of u and d.
10
Let s be 8/12 + (-417344)/(-96) + -8. What is the greatest common factor of s 